when 90190 is divided by 16.
14
Calculate the remainder when 37164 is divided by 90.
84
What is the remainder when 8986 is divided by 26?
16
What is the remainder when 170529 is divided by 12?
9
What is the remainder when 30174 is divided by 30?
24
Calculate the remainder when 3832 is divided by 302.
208
Calculate the remainder when 6979 is divided by 536.
11
What is the remainder when 46563 is divided by 23271?
21
Calculate the remainder when 7561 is divided by 23.
17
Calculate the remainder when 7272 is divided by 7180.
92
Calculate the remainder when 4818 is divided by 32.
18
What is the remainder when 6260 is divided by 1247?
25
What is the remainder when 38850 is divided by 626?
38
What is the remainder when 7268 is divided by 14?
2
What is the remainder when 2606 is divided by 1095?
416
What is the remainder when 594 is divided by 236?
122
What is the remainder when 502 is divided by 71?
5
What is the remainder when 37642 is divided by 1333?
318
What is the remainder when 158516 is divided by 79257?
2
What is the remainder when 4994 is divided by 9?
8
What is the remainder when 180628 is divided by 76?
52
Calculate the remainder when 36600 is divided by 104.
96
Calculate the remainder when 76545 is divided by 11.
7
Calculate the remainder when 49024 is divided by 49017.
7
Calculate the remainder when 65509 is divided by 70.
59
What is the remainder when 6606636 is divided by 13?
10
Calculate the remainder when 9064 is divided by 56.
48
Calculate the remainder when 3298 is divided by 173.
11
What is the remainder when 914 is divided by 58?
44
Calculate the remainder when 50855 is divided by 2034.
5
What is the remainder when 5079 is divided by 1089?
723
Calculate the remainder when 33663 is divided by 118.
33
Calculate the remainder when 8009 is divided by 68.
53
What is the remainder when 6872 is divided by 334?
192
What is the remainder when 1211 is divided by 781?
430
Calculate the remainder when 162247 is divided by 174.
79
What is the remainder when 11976 is divided by 193?
10
What is the remainder when 1159 is divided by 74?
49
Calculate the remainder when 7328 is divided by 122.
8
Calculate the remainder when 22936 is divided by 1031.
254
What is the remainder when 157193 is divided by 41?
40
What is the remainder when 142310 is divided by 35573?
18
What is the remainder when 13973 is divided by 582?
5
Calculate the remainder when 868 is divided by 4.
0
What is the remainder when 36733 is divided by 25?
8
Calculate the remainder when 1975113 is divided by 4.
1
What is the remainder when 18020 is divided by 64?
36
What is the remainder when 8148 is divided by 1173?
1110
What is the remainder when 20252 is divided by 9?
2
What is the remainder when 340216 is divided by 192?
184
Calculate the remainder when 1236092 is divided by 144.
140
Calculate the remainder when 14264 is divided by 791.
26
Calculate the remainder when 3882 is divided by 1294.
0
Calculate the remainder when 10167 is divided by 441.
24
What is the remainder when 31440 is divided by 618?
540
What is the remainder when 296851 is divided by 126?
121
What is the remainder when 6038 is divided by 758?
732
Calculate the remainder when 1167 is divided by 191.
21
What is the remainder when 53503 is divided by 17823?
34
Calculate the remainder when 8720 is divided by 339.
245
Calculate the remainder when 382439 is divided by 281.
279
What is the remainder when 439686 is divided by 85?
66
Calculate the remainder when 19207 is divided by 197.
98
Calculate the remainder when 4105 is divided by 93.
13
Calculate the remainder when 3102 is divided by 63.
15
Calculate the remainder when 14947 is divided by 3.
1
Calculate the remainder when 2582 is divided by 2578.
4
What is the remainder when 1370 is divided by 229?
225
What is the remainder when 1555 is divided by 66?
37
What is the remainder when 6315 is divided by 4?
3
Calculate the remainder when 206262 is divided by 103127.
8
What is the remainder when 1648 is divided by 779?
90
Calculate the remainder when 77132 is divided by 3085.
7
Calculate the remainder when 86691 is divided by 647.
640
Calculate the remainder when 26867 is divided by 334.
147
Calculate the remainder when 2998 is divided by 845.
463
What is the remainder when 390426 is divided by 130136?
18
What is the remainder when 34178 is divided by 814?
804
Calculate the remainder when 281532 is divided by 20.
12
Calculate the remainder when 16310 is divided by 8141.
28
What is the remainder when 58589 is divided by 63?
62
What is the remainder when 35218 is divided by 14?
8
What is the remainder when 342357 is divided by 409?
24
What is the remainder when 1611362 is divided by 26?
12
Calculate the remainder when 8555487 is divided by 135.
132
What is the remainder when 3853 is divided by 829?
537
Calculate the remainder when 1627 is divided by 534.
25
Calculate the remainder when 8789 is divided by 98.
67
What is the remainder when 243578 is divided by 119?
104
What is the remainder when 4006 is divided by 400?
6
What is the remainder when 7223 is divided by 553?
34
What is the remainder when 229 is divided by 135?
94
Calculate the remainder when 76776 is divided by 9.
6
Calculate the remainder when 15646 is divided by 170.
6
What is the remainder when 210360 is divided by 261?
255
What is the remainder when 70128 is divided by 1895?
13
What is the remainder when 12111 is divided by 2453?
2299
What is the remainder when 14150 is divided by 130?
110
What is the remainder when 13756 is divided by 404?
20
What is the remainder when 24239 is divided by 34?
31
What is the remainder when 3327 is divided by 635?
152
What is the remainder when 6642 is divided by 1583?
310
Calculate the remainder when 426386 is divided by 507.
506
What is the remainder when 3073 is divided by 280?
273
Calculate the remainder when 84809 is divided by 93.
86
Calculate the remainder when 55624 is divided by 55612.
12
What is the remainder when 689663 is divided by 1796?
1795
What is the remainder when 1860 is divided by 1765?
95
Calculate the remainder when 3288 is divided by 273.
12
Calculate the remainder when 48537 is divided by 9630.
387
What is the remainder when 26439 is divided by 60?
39
What is the remainder when 60904 is divided by 65?
64
Calculate the remainder when 241013 is divided by 23.
19
What is the remainder when 24739 is divided by 24727?
12
Calculate the remainder when 26838 is divided by 2987.
2942
What is the remainder when 1877 is divided by 660?
557
Calculate the remainder when 50854 is divided by 13.
11
What is the remainder when 25189 is divided by 6291?
25
Calculate the remainder when 969208 is divided by 70.
58
What is the remainder when 5306 is divided by 20?
6
Calculate the remainder when 161143 is divided by 713.
5
Calculate the remainder when 33229 is divided by 73.
14
What is the remainder when 1030631 is divided by 171?
14
What is the remainder when 4297 is divided by 312?
241
What is the remainder when 2477 is divided by 1069?
339
What is the remainder when 8562 is divided by 2086?
218
What is the remainder when 311231 is divided by 44461?
4
What is the remainder when 19081 is divided by 4766?
17
What is the remainder when 123063 is divided by 1172?
3
Calculate the remainder when 18236 is divided by 54.
38
What is the remainder when 439838 is divided by 738?
728
What is the remainder when 142923 is divided by 53?
35
Calculate the remainder when 14875 is divided by 963.
430
What is the remainder when 388176 is divided by 233?
231
Calculate the remainder when 5060 is divided by 919.
465
What is the remainder when 499 is divided by 134?
97
Calculate the remainder when 3807 is divided by 15.
12
What is the remainder when 19837 is divided by 13?
12
Calculate the remainder when 3541101 is divided by 378.
375
Calculate the remainder when 7485 is divided by 573.
36
What is the remainder when 213896 is divided by 494?
488
What is the remainder when 8479 is divided by 166?
13
What is the remainder when 31342 is divided by 2089?
7
What is the remainder when 210769 is divided by 45?
34
What is the remainder when 38729 is divided by 38716?
13
What is the remainder when 44509 is divided by 10?
9
What is the remainder when 67795 is divided by 17?
16
Calculate the remaind